{"id":4344,"date":"2025-03-18T11:11:07","date_gmt":"2025-03-18T11:11:07","guid":{"rendered":"https:\/\/flatrat.shop\/?post_type=product&#038;p=4344"},"modified":"2025-03-18T11:15:27","modified_gmt":"2025-03-18T11:15:27","slug":"venus","status":"publish","type":"product","link":"https:\/\/flatrat.shop\/?product=venus","title":{"rendered":"Venus"},"content":{"rendered":"<p>Parfumi V\u00e9nus nga Nina Ricci, i lan\u00e7uar n\u00eb vitin 2024, \u00ebsht\u00eb nj\u00eb arom\u00eb Chypre Lul\u00ebzore q\u00eb p\u00ebrqendrohet rreth magnolis\u00eb madh\u00ebshtore, nj\u00eb lule simbol i bukuris\u00eb dhe feminilitetit.<\/p>\n<p>Kjo p\u00ebrb\u00ebrje aromatike fillon me freskin\u00eb e mandarin\u00ebs dhe nuancat e gjelbra t\u00eb gjetheve t\u00eb magnolis\u00eb. N\u00eb zem\u00ebr, magnolia dhe jasemini sjellin nj\u00eb ndjesi t\u00eb past\u00ebr dhe fem\u00ebrore. Bazat e ngrohta t\u00eb pa\u00e7ulit dhe vaniljes i japin parfumit nj\u00eb thell\u00ebsi dhe q\u00ebndrueshm\u00ebri t\u00eb ve\u00e7ant\u00eb. <span class=\"Apple-converted-space\">\u00a0<\/span><\/p>\n<p>&nbsp;<\/p>\n","protected":false},"excerpt":{"rendered":"<p>Parfumi V\u00e9nus nga Nina Ricci, i lan\u00e7uar n\u00eb vitin 2024, \u00ebsht\u00eb nj\u00eb arom\u00eb Chypre Lul\u00ebzore q\u00eb p\u00ebrqendrohet rreth magnolis\u00eb madh\u00ebshtore, nj\u00eb lule simbol i bukuris\u00eb dhe feminilitetit. Kjo p\u00ebrb\u00ebrje aromatike fillon me freskin\u00eb e mandarin\u00ebs dhe nuancat e gjelbra t\u00eb gjetheve t\u00eb magnolis\u00eb. N\u00eb zem\u00ebr, magnolia dhe jasemini sjellin nj\u00eb ndjesi t\u00eb past\u00ebr dhe fem\u00ebrore. [&hellip;]<\/p>\n","protected":false},"featured_media":4355,"template":"","meta":{"_surecart_dashboard_logo_width":"180px","_surecart_dashboard_show_logo":true,"_surecart_dashboard_navigation_orders":true,"_surecart_dashboard_navigation_subscriptions":true,"_surecart_dashboard_navigation_downloads":true,"_surecart_dashboard_navigation_billing":true,"_surecart_dashboard_navigation_account":true,"site-sidebar-layout":"default","site-content-layout":"","ast-site-content-layout":"default","site-content-style":"default","site-sidebar-style":"default","ast-global-header-display":"","ast-banner-title-visibility":"","ast-main-header-display":"","ast-hfb-above-header-display":"","ast-hfb-below-header-display":"","ast-hfb-mobile-header-display":"","site-post-title":"","ast-breadcrumbs-content":"","ast-featured-img":"","footer-sml-layout":"","theme-transparent-header-meta":"default","adv-header-id-meta":"","stick-header-meta":"","header-above-stick-meta":"","header-main-stick-meta":"","header-below-stick-meta":"","astra-migrate-meta-layouts":"set","ast-page-background-enabled":"default","ast-page-background-meta":{"desktop":{"background-color":"var(--ast-global-color-4)","background-image":"","background-repeat":"repeat","background-position":"center center","background-size":"auto","background-attachment":"scroll","background-type":"","background-media":"","overlay-type":"","overlay-color":"","overlay-opacity":"","overlay-gradient":""},"tablet":{"background-color":"","background-image":"","background-repeat":"repeat","background-position":"center center","background-size":"auto","background-attachment":"scroll","background-type":"","background-media":"","overlay-type":"","overlay-color":"","overlay-opacity":"","overlay-gradient":""},"mobile":{"background-color":"","background-image":"","background-repeat":"repeat","background-position":"center center","background-size":"auto","background-attachment":"scroll","background-type":"","background-media":"","overlay-type":"","overlay-color":"","overlay-opacity":"","overlay-gradient":""}},"ast-content-background-meta":{"desktop":{"background-color":"var(--ast-global-color-5)","background-image":"","background-repeat":"repeat","background-position":"center center","background-size":"auto","background-attachment":"scroll","background-type":"","background-media":"","overlay-type":"","overlay-color":"","overlay-opacity":"","overlay-gradient":""},"tablet":{"background-color":"var(--ast-global-color-5)","background-image":"","background-repeat":"repeat","background-position":"center center","background-size":"auto","background-attachment":"scroll","background-type":"","background-media":"","overlay-type":"","overlay-color":"","overlay-opacity":"","overlay-gradient":""},"mobile":{"background-color":"var(--ast-global-color-5)","background-image":"","background-repeat":"repeat","background-position":"center center","background-size":"auto","background-attachment":"scroll","background-type":"","background-media":"","overlay-type":"","overlay-color":"","overlay-opacity":"","overlay-gradient":""}}},"product_brand":[],"product_cat":[39,40],"product_tag":[],"class_list":{"0":"post-4344","1":"product","2":"type-product","3":"status-publish","4":"has-post-thumbnail","6":"product_cat-parfume","7":"product_cat-parfume-femra","8":"desktop-align-left","9":"tablet-align-left","10":"mobile-align-left","12":"first","13":"instock","14":"shipping-taxable","15":"purchasable","16":"product-type-variable"},"_links":{"self":[{"href":"https:\/\/flatrat.shop\/index.php?rest_route=\/wp\/v2\/product\/4344","targetHints":{"allow":["GET"]}}],"collection":[{"href":"https:\/\/flatrat.shop\/index.php?rest_route=\/wp\/v2\/product"}],"about":[{"href":"https:\/\/flatrat.shop\/index.php?rest_route=\/wp\/v2\/types\/product"}],"wp:featuredmedia":[{"embeddable":true,"href":"https:\/\/flatrat.shop\/index.php?rest_route=\/wp\/v2\/media\/4355"}],"wp:attachment":[{"href":"https:\/\/flatrat.shop\/index.php?rest_route=%2Fwp%2Fv2%2Fmedia&parent=4344"}],"wp:term":[{"taxonomy":"product_brand","embeddable":true,"href":"https:\/\/flatrat.shop\/index.php?rest_route=%2Fwp%2Fv2%2Fproduct_brand&post=4344"},{"taxonomy":"product_cat","embeddable":true,"href":"https:\/\/flatrat.shop\/index.php?rest_route=%2Fwp%2Fv2%2Fproduct_cat&post=4344"},{"taxonomy":"product_tag","embeddable":true,"href":"https:\/\/flatrat.shop\/index.php?rest_route=%2Fwp%2Fv2%2Fproduct_tag&post=4344"}],"curies":[{"name":"wp","href":"https:\/\/api.w.org\/{rel}","templated":true}]}}