{"id":4254,"date":"2025-03-12T10:11:34","date_gmt":"2025-03-12T10:11:34","guid":{"rendered":"https:\/\/flatrat.shop\/?post_type=product&#038;p=4254"},"modified":"2025-03-12T10:15:00","modified_gmt":"2025-03-12T10:15:00","slug":"fahrenheit","status":"publish","type":"product","link":"https:\/\/flatrat.shop\/?product=fahrenheit","title":{"rendered":"Fahrenheit"},"content":{"rendered":"<p>Dior Fahrenheit \u00ebsht\u00eb nj\u00eb parfum legjendar mashkullor, i njohur p\u00ebr arom\u00ebn e tij unike dhe kontrastet e forta midis freskis\u00eb dhe ngroht\u00ebsis\u00eb.<\/p>\n<p>Aroma e Fahrenheit \u00ebsht\u00eb e fuqishme dhe e guximshme. Hapet me nota t\u00eb fresk\u00ebta agrumesh dhe livand\u00eb, q\u00eb krijojn\u00eb nj\u00eb hyrje t\u00eb gjall\u00eb dhe energjike. N\u00eb zem\u00ebr t\u00eb parfumit, nota e vjollc\u00ebs i jep nj\u00eb nuanc\u00eb t\u00eb ve\u00e7ant\u00eb lulesh dhe tok\u00ebsore, nd\u00ebrsa bazat e l\u00ebkur\u00ebs dhe drur\u00ebve i shtojn\u00eb nj\u00eb thell\u00ebsi t\u00eb ngroht\u00eb dhe sensuale.<\/p>\n","protected":false},"excerpt":{"rendered":"<p>Dior Fahrenheit \u00ebsht\u00eb nj\u00eb parfum legjendar mashkullor, i njohur p\u00ebr arom\u00ebn e tij unike dhe kontrastet e forta midis freskis\u00eb dhe ngroht\u00ebsis\u00eb. Aroma e Fahrenheit \u00ebsht\u00eb e fuqishme dhe e guximshme. Hapet me nota t\u00eb fresk\u00ebta agrumesh dhe livand\u00eb, q\u00eb krijojn\u00eb nj\u00eb hyrje t\u00eb gjall\u00eb dhe energjike. N\u00eb zem\u00ebr t\u00eb parfumit, nota e vjollc\u00ebs i [&hellip;]<\/p>\n","protected":false},"featured_media":4264,"template":"","meta":{"_surecart_dashboard_logo_width":"180px","_surecart_dashboard_show_logo":true,"_surecart_dashboard_navigation_orders":true,"_surecart_dashboard_navigation_subscriptions":true,"_surecart_dashboard_navigation_downloads":true,"_surecart_dashboard_navigation_billing":true,"_surecart_dashboard_navigation_account":true,"site-sidebar-layout":"default","site-content-layout":"","ast-site-content-layout":"default","site-content-style":"default","site-sidebar-style":"default","ast-global-header-display":"","ast-banner-title-visibility":"","ast-main-header-display":"","ast-hfb-above-header-display":"","ast-hfb-below-header-display":"","ast-hfb-mobile-header-display":"","site-post-title":"","ast-breadcrumbs-content":"","ast-featured-img":"","footer-sml-layout":"","theme-transparent-header-meta":"default","adv-header-id-meta":"","stick-header-meta":"","header-above-stick-meta":"","header-main-stick-meta":"","header-below-stick-meta":"","astra-migrate-meta-layouts":"set","ast-page-background-enabled":"default","ast-page-background-meta":{"desktop":{"background-color":"var(--ast-global-color-4)","background-image":"","background-repeat":"repeat","background-position":"center center","background-size":"auto","background-attachment":"scroll","background-type":"","background-media":"","overlay-type":"","overlay-color":"","overlay-opacity":"","overlay-gradient":""},"tablet":{"background-color":"","background-image":"","background-repeat":"repeat","background-position":"center center","background-size":"auto","background-attachment":"scroll","background-type":"","background-media":"","overlay-type":"","overlay-color":"","overlay-opacity":"","overlay-gradient":""},"mobile":{"background-color":"","background-image":"","background-repeat":"repeat","background-position":"center center","background-size":"auto","background-attachment":"scroll","background-type":"","background-media":"","overlay-type":"","overlay-color":"","overlay-opacity":"","overlay-gradient":""}},"ast-content-background-meta":{"desktop":{"background-color":"var(--ast-global-color-5)","background-image":"","background-repeat":"repeat","background-position":"center center","background-size":"auto","background-attachment":"scroll","background-type":"","background-media":"","overlay-type":"","overlay-color":"","overlay-opacity":"","overlay-gradient":""},"tablet":{"background-color":"var(--ast-global-color-5)","background-image":"","background-repeat":"repeat","background-position":"center center","background-size":"auto","background-attachment":"scroll","background-type":"","background-media":"","overlay-type":"","overlay-color":"","overlay-opacity":"","overlay-gradient":""},"mobile":{"background-color":"var(--ast-global-color-5)","background-image":"","background-repeat":"repeat","background-position":"center center","background-size":"auto","background-attachment":"scroll","background-type":"","background-media":"","overlay-type":"","overlay-color":"","overlay-opacity":"","overlay-gradient":""}}},"product_brand":[],"product_cat":[39,41],"product_tag":[],"class_list":{"0":"post-4254","1":"product","2":"type-product","3":"status-publish","4":"has-post-thumbnail","6":"product_cat-parfume","7":"product_cat-parfume-meshkuj","8":"desktop-align-left","9":"tablet-align-left","10":"mobile-align-left","12":"first","13":"instock","14":"shipping-taxable","15":"purchasable","16":"product-type-variable"},"_links":{"self":[{"href":"https:\/\/flatrat.shop\/index.php?rest_route=\/wp\/v2\/product\/4254","targetHints":{"allow":["GET"]}}],"collection":[{"href":"https:\/\/flatrat.shop\/index.php?rest_route=\/wp\/v2\/product"}],"about":[{"href":"https:\/\/flatrat.shop\/index.php?rest_route=\/wp\/v2\/types\/product"}],"wp:featuredmedia":[{"embeddable":true,"href":"https:\/\/flatrat.shop\/index.php?rest_route=\/wp\/v2\/media\/4264"}],"wp:attachment":[{"href":"https:\/\/flatrat.shop\/index.php?rest_route=%2Fwp%2Fv2%2Fmedia&parent=4254"}],"wp:term":[{"taxonomy":"product_brand","embeddable":true,"href":"https:\/\/flatrat.shop\/index.php?rest_route=%2Fwp%2Fv2%2Fproduct_brand&post=4254"},{"taxonomy":"product_cat","embeddable":true,"href":"https:\/\/flatrat.shop\/index.php?rest_route=%2Fwp%2Fv2%2Fproduct_cat&post=4254"},{"taxonomy":"product_tag","embeddable":true,"href":"https:\/\/flatrat.shop\/index.php?rest_route=%2Fwp%2Fv2%2Fproduct_tag&post=4254"}],"curies":[{"name":"wp","href":"https:\/\/api.w.org\/{rel}","templated":true}]}}